{"id":539,"date":"2026-04-04T06:21:04","date_gmt":"2026-04-04T11:21:04","guid":{"rendered":"https:\/\/uneb-colombia.org\/web\/?page_id=539"},"modified":"2026-04-04T06:58:02","modified_gmt":"2026-04-04T11:58:02","slug":"guia-ideologica","status":"publish","type":"page","link":"https:\/\/uneb-colombia.org\/web\/guia-ideologica\/","title":{"rendered":"Gu\u00eda ideol\u00f3gica"},"content":{"rendered":"<div id=\"pl-539\"  class=\"panel-layout\" ><div id=\"pg-539-0\"  class=\"panel-grid panel-has-style\" ><div class=\"headerguia siteorigin-panels-stretch panel-row-style panel-row-style-for-539-0\" id=\"headerint\" data-stretch-type=\"full\" ><div id=\"pgc-539-0-0\"  class=\"panel-grid-cell\" ><div id=\"panel-539-0-0-0\" class=\"widget_text so-panel widget widget_custom_html panel-first-child\" data-index=\"0\" ><div class=\"widget_text colombia panel-widget-style panel-widget-style-for-539-0-0-0\" ><div class=\"textwidget custom-html-widget\">C O L O M B I A<\/div><\/div><\/div><div id=\"panel-539-0-0-1\" class=\"widget_text so-panel widget widget_custom_html\" data-index=\"1\" ><div class=\"widget_text titulointerior panel-widget-style panel-widget-style-for-539-0-0-1\" ><div class=\"textwidget custom-html-widget\">Gu\u00eda ideol\u00f3gica<\/div><\/div><\/div><div id=\"panel-539-0-0-2\" class=\"so-panel widget widget_siteorigin-panels-builder panel-last-child\" data-index=\"2\" ><div id=\"redesint\" class=\"panel-widget-style panel-widget-style-for-539-0-0-2\" ><div id=\"pl-w69d0582426608\"  class=\"panel-layout\" ><div id=\"pg-w69d0582426608-0\"  class=\"panel-grid panel-no-style\" ><div id=\"pgc-w69d0582426608-0-0\"  class=\"panel-grid-cell\" ><div id=\"panel-w69d0582426608-0-0-0\" class=\"widget_text so-panel widget widget_custom_html panel-first-child panel-last-child\" data-index=\"0\" ><div class=\"widget_text cajaredes panel-widget-style panel-widget-style-for-w69d0582426608-0-0-0\" ><div class=\"textwidget custom-html-widget\"><a target=\"_blank\" href=\"https:\/\/www.facebook.com\/unebcolombia\/\"><i class=\"fa fa-facebook\"><\/i><\/a><\/div><\/div><\/div><\/div><div id=\"pgc-w69d0582426608-0-1\"  class=\"panel-grid-cell\" ><div id=\"panel-w69d0582426608-0-1-0\" class=\"widget_text so-panel widget widget_custom_html panel-first-child panel-last-child\" data-index=\"1\" ><div class=\"widget_text cajaredes panel-widget-style panel-widget-style-for-w69d0582426608-0-1-0\" ><div class=\"textwidget custom-html-widget\">\t\t\t<a target=\"_blank\" href=\"https:\/\/x.com\/unebcolombia\"><i class=\"fa-brands fa-x-twitter\"><\/i><\/a><\/div><\/div><\/div><\/div><div id=\"pgc-w69d0582426608-0-2\"  class=\"panel-grid-cell\" ><div id=\"panel-w69d0582426608-0-2-0\" class=\"widget_text so-panel widget widget_custom_html panel-first-child panel-last-child\" data-index=\"2\" ><div class=\"widget_text cajaredes panel-widget-style panel-widget-style-for-w69d0582426608-0-2-0\" ><div class=\"textwidget custom-html-widget\">\t\t\t<a target=\"_blank\" href=\"https:\/\/www.instagram.com\/unebcolombia\/\"><i class=\"fa-brands fa-instagram\"><\/i><\/a><\/div><\/div><\/div><\/div><div id=\"pgc-w69d0582426608-0-3\"  class=\"panel-grid-cell\" ><div id=\"panel-w69d0582426608-0-3-0\" class=\"widget_text so-panel widget widget_custom_html panel-first-child panel-last-child\" data-index=\"3\" ><div class=\"widget_text cajaredes panel-widget-style panel-widget-style-for-w69d0582426608-0-3-0\" ><div class=\"textwidget custom-html-widget\"><a target=\"_blank\" href=\"https:\/\/www.youtube.com\/channel\/UCwMYGZbcfCugdNjK5RqvCLg\"><i class=\"fa-brands fa-youtube\"><\/i><\/a><\/div><\/div><\/div><\/div><\/div><\/div><\/div><\/div><\/div><\/div><\/div><div id=\"pg-539-1\"  class=\"panel-grid panel-has-style\" ><div class=\"panel-row-style panel-row-style-for-539-1\" ><div id=\"pgc-539-1-0\"  class=\"panel-grid-cell\" ><div id=\"panel-539-1-0-0\" class=\"so-panel widget widget_text panel-first-child\" data-index=\"3\" ><div class=\"unebsub panel-widget-style panel-widget-style-for-539-1-0-0\" >\t\t\t<div class=\"textwidget\"><p>UNEB<\/p>\n<\/div>\n\t\t<\/div><\/div><div id=\"panel-539-1-0-1\" class=\"widget_text so-panel widget widget_custom_html\" data-index=\"4\" ><div class=\"widget_text title_banco panel-widget-style panel-widget-style-for-539-1-0-1\" ><div class=\"textwidget custom-html-widget\">UNEB como sindicato<br>de industria luchar\u00e1 por:<\/div><\/div><\/div><div id=\"panel-539-1-0-2\" class=\"so-panel widget widget_text\" data-index=\"5\" ><div class=\"uneb_ver panel-widget-style panel-widget-style-for-539-1-0-2\" >\t\t\t<div class=\"textwidget\"><p><a href=\"https:\/\/uneb-colombia.org\/web\/wp-content\/uploads\/2026\/04\/GUIA-IDEOLOGICA-2021.pdf\" target=\"_blank\" rel=\"noopener\">Ver la gu\u00eda ideol\u00f3gica<\/a><\/p>\n<\/div>\n\t\t<\/div><\/div><div id=\"panel-539-1-0-3\" class=\"so-panel widget widget_siteorigin-panels-builder\" data-index=\"6\" ><div class=\"aos-slide-up panel-widget-style panel-widget-style-for-539-1-0-3\" ><div id=\"pl-w69d0f89dc7a21\"  class=\"panel-layout\" ><div id=\"pg-w69d0f89dc7a21-0\"  class=\"panel-grid panel-no-style\" ><div id=\"pgc-w69d0f89dc7a21-0-0\"  class=\"panel-grid-cell\" ><div id=\"panel-w69d0f89dc7a21-0-0-0\" class=\"widget_text so-panel widget widget_custom_html panel-first-child panel-last-child\" data-index=\"0\" ><div class=\"textwidget custom-html-widget\"><div class=\"contenedor\">\n\t<div class=\"linea-vertical\"><\/div>\n<\/div><\/div><\/div><\/div><div id=\"pgc-w69d0f89dc7a21-0-1\"  class=\"panel-grid-cell\" ><div id=\"panel-w69d0f89dc7a21-0-1-0\" class=\"widget_text so-panel widget widget_custom_html panel-first-child panel-last-child\" data-index=\"1\" ><div class=\"widget_text guia panel-widget-style panel-widget-style-for-w69d0f89dc7a21-0-1-0\" ><h3 class=\"widget-title\">Soberan\u00eda<\/h3><div class=\"textwidget custom-html-widget\"><p>\n\tecon\u00f3mica social y pol\u00edtica, autodeterminaci\u00f3n de los pueblos y defensa recursos naturales.\n<\/p><\/div><\/div><\/div><\/div><\/div><\/div><\/div><\/div><div id=\"panel-539-1-0-4\" class=\"so-panel widget widget_siteorigin-panels-builder\" data-index=\"7\" ><div class=\"aos-slide-up panel-widget-style panel-widget-style-for-539-1-0-4\" ><div id=\"pl-w69d0f98732670\"  class=\"panel-layout\" ><div id=\"pg-w69d0f98732670-0\"  class=\"panel-grid panel-no-style\" ><div id=\"pgc-w69d0f98732670-0-0\"  class=\"panel-grid-cell\" ><div id=\"panel-w69d0f98732670-0-0-0\" class=\"widget_text so-panel widget widget_custom_html panel-first-child panel-last-child\" data-index=\"0\" ><div class=\"textwidget custom-html-widget\"><div class=\"contenedor\">\n\t<div class=\"linea-vertical\"><\/div>\n<\/div><\/div><\/div><\/div><div id=\"pgc-w69d0f98732670-0-1\"  class=\"panel-grid-cell\" ><div id=\"panel-w69d0f98732670-0-1-0\" class=\"widget_text so-panel widget widget_custom_html panel-first-child panel-last-child\" data-index=\"1\" ><div class=\"widget_text guia panel-widget-style panel-widget-style-for-w69d0f98732670-0-1-0\" ><h3 class=\"widget-title\">Promover<\/h3><div class=\"textwidget custom-html-widget\"><p>\n\tlazos de solidaridad y unidad con organizaciones sindicales del sector financiero y garantizar la democracia sindical y el pluralismo pol\u00edtico.\n<\/p><\/div><\/div><\/div><\/div><\/div><\/div><\/div><\/div><div id=\"panel-539-1-0-5\" class=\"so-panel widget widget_siteorigin-panels-builder\" data-index=\"8\" ><div class=\"aos-slide-up panel-widget-style panel-widget-style-for-539-1-0-5\" ><div id=\"pl-w69d0f987327fd\"  class=\"panel-layout\" ><div id=\"pg-w69d0f987327fd-0\"  class=\"panel-grid panel-no-style\" ><div id=\"pgc-w69d0f987327fd-0-0\"  class=\"panel-grid-cell\" ><div id=\"panel-w69d0f987327fd-0-0-0\" class=\"widget_text so-panel widget widget_custom_html panel-first-child panel-last-child\" data-index=\"0\" ><div class=\"textwidget custom-html-widget\"><div class=\"contenedor\">\n\t<div class=\"linea-vertical\"><\/div>\n<\/div><\/div><\/div><\/div><div id=\"pgc-w69d0f987327fd-0-1\"  class=\"panel-grid-cell\" ><div id=\"panel-w69d0f987327fd-0-1-0\" class=\"widget_text so-panel widget widget_custom_html panel-first-child panel-last-child\" data-index=\"1\" ><div class=\"widget_text guia panel-widget-style panel-widget-style-for-w69d0f987327fd-0-1-0\" ><h3 class=\"widget-title\">Rescatar<\/h3><div class=\"textwidget custom-html-widget\"><p>\n\tconciencia solidaria e identidad de clase de los trabajadores del sector financiero y brindar solidaridad en sus luchas junto con los sectores sociales.\n<\/p><\/div><\/div><\/div><\/div><\/div><\/div><\/div><\/div><div id=\"panel-539-1-0-6\" class=\"so-panel widget widget_siteorigin-panels-builder\" data-index=\"9\" ><div class=\"aos-slide-up panel-widget-style panel-widget-style-for-539-1-0-6\" ><div id=\"pl-w69d0f98732922\"  class=\"panel-layout\" ><div id=\"pg-w69d0f98732922-0\"  class=\"panel-grid panel-no-style\" ><div id=\"pgc-w69d0f98732922-0-0\"  class=\"panel-grid-cell\" ><div id=\"panel-w69d0f98732922-0-0-0\" class=\"widget_text so-panel widget widget_custom_html panel-first-child panel-last-child\" data-index=\"0\" ><div class=\"textwidget custom-html-widget\"><div class=\"contenedor\">\n\t<div class=\"linea-vertical\"><\/div>\n<\/div><\/div><\/div><\/div><div id=\"pgc-w69d0f98732922-0-1\"  class=\"panel-grid-cell\" ><div id=\"panel-w69d0f98732922-0-1-0\" class=\"widget_text so-panel widget widget_custom_html panel-first-child panel-last-child\" data-index=\"1\" ><div class=\"widget_text guia panel-widget-style panel-widget-style-for-w69d0f98732922-0-1-0\" ><h3 class=\"widget-title\">Impulsar<\/h3><div class=\"textwidget custom-html-widget\"><p>\n\tla paz a nivel nacional y mundial, el derecho a la vida y la defensa de los derechos humanos.\n<\/p><\/div><\/div><\/div><\/div><\/div><\/div><\/div><\/div><div id=\"panel-539-1-0-7\" class=\"so-panel widget widget_siteorigin-panels-builder\" data-index=\"10\" ><div class=\"aos-slide-up panel-widget-style panel-widget-style-for-539-1-0-7\" ><div id=\"pl-w69d0f98732a26\"  class=\"panel-layout\" ><div id=\"pg-w69d0f98732a26-0\"  class=\"panel-grid panel-no-style\" ><div id=\"pgc-w69d0f98732a26-0-0\"  class=\"panel-grid-cell\" ><div id=\"panel-w69d0f98732a26-0-0-0\" class=\"widget_text so-panel widget widget_custom_html panel-first-child panel-last-child\" data-index=\"0\" ><div class=\"textwidget custom-html-widget\"><div class=\"contenedor\">\n\t<div class=\"linea-vertical\"><\/div>\n<\/div><\/div><\/div><\/div><div id=\"pgc-w69d0f98732a26-0-1\"  class=\"panel-grid-cell\" ><div id=\"panel-w69d0f98732a26-0-1-0\" class=\"widget_text so-panel widget widget_custom_html panel-first-child panel-last-child\" data-index=\"1\" ><div class=\"widget_text guia panel-widget-style panel-widget-style-for-w69d0f98732a26-0-1-0\" ><h3 class=\"widget-title\">Buscar<\/h3><div class=\"textwidget custom-html-widget\"><p>\n\tunidad entre trabajadores, clientes y usuarios afectados por las pol\u00edticas del sector financiero y del gobierno, as\u00ed como tambi\u00e9n coadyuvar en su protagonismo en la vida pol\u00edtica, social y econ\u00f3mica del pa\u00eds.\n<\/p><\/div><\/div><\/div><\/div><\/div><\/div><\/div><\/div><div id=\"panel-539-1-0-8\" class=\"so-panel widget widget_siteorigin-panels-builder\" data-index=\"11\" ><div class=\"aos-slide-up panel-widget-style panel-widget-style-for-539-1-0-8\" ><div id=\"pl-w69d0f98732b29\"  class=\"panel-layout\" ><div id=\"pg-w69d0f98732b29-0\"  class=\"panel-grid panel-no-style\" ><div id=\"pgc-w69d0f98732b29-0-0\"  class=\"panel-grid-cell\" ><div id=\"panel-w69d0f98732b29-0-0-0\" class=\"widget_text so-panel widget widget_custom_html panel-first-child panel-last-child\" data-index=\"0\" ><div class=\"textwidget custom-html-widget\"><div class=\"contenedor\">\n\t<div class=\"linea-vertical\"><\/div>\n<\/div><\/div><\/div><\/div><div id=\"pgc-w69d0f98732b29-0-1\"  class=\"panel-grid-cell\" ><div id=\"panel-w69d0f98732b29-0-1-0\" class=\"widget_text so-panel widget widget_custom_html panel-first-child panel-last-child\" data-index=\"1\" ><div class=\"widget_text guia panel-widget-style panel-widget-style-for-w69d0f98732b29-0-1-0\" ><h3 class=\"widget-title\">Apoyar<\/h3><div class=\"textwidget custom-html-widget\"><p>\n\tlas movilizaciones de los trabajadores del sector en defensa de sus reivindicaciones y conquista de nuevas, defendiendo el derecho al trabajo, la libertad de acci\u00f3n, autonom\u00eda y asociaci\u00f3n sindical.\n<\/p><\/div><\/div><\/div><\/div><\/div><\/div><\/div><\/div><div id=\"panel-539-1-0-9\" class=\"so-panel widget widget_siteorigin-panels-builder\" data-index=\"12\" ><div class=\"aos-slide-up panel-widget-style panel-widget-style-for-539-1-0-9\" ><div id=\"pl-w69d0f98732c49\"  class=\"panel-layout\" ><div id=\"pg-w69d0f98732c49-0\"  class=\"panel-grid panel-no-style\" ><div id=\"pgc-w69d0f98732c49-0-0\"  class=\"panel-grid-cell\" ><div id=\"panel-w69d0f98732c49-0-0-0\" class=\"widget_text so-panel widget widget_custom_html panel-first-child panel-last-child\" data-index=\"0\" ><div class=\"textwidget custom-html-widget\"><div class=\"contenedor\">\n\t<div class=\"linea-vertical\"><\/div>\n<\/div><\/div><\/div><\/div><div id=\"pgc-w69d0f98732c49-0-1\"  class=\"panel-grid-cell\" ><div id=\"panel-w69d0f98732c49-0-1-0\" class=\"widget_text so-panel widget widget_custom_html panel-first-child panel-last-child\" data-index=\"1\" ><div class=\"widget_text guia panel-widget-style panel-widget-style-for-w69d0f98732c49-0-1-0\" ><h3 class=\"widget-title\">Conservar<\/h3><div class=\"textwidget custom-html-widget\"><p>\n\tla independencia de la organizaci\u00f3n sindical de partidos pol\u00edticos al servicio de los grandes capitales, la iglesia y el estado.\n<\/p><\/div><\/div><\/div><\/div><\/div><\/div><\/div><\/div><div id=\"panel-539-1-0-10\" class=\"so-panel widget widget_siteorigin-panels-builder panel-last-child\" data-index=\"13\" ><div class=\"aos-slide-up panel-widget-style panel-widget-style-for-539-1-0-10\" ><div id=\"pl-w69d0f98732d55\"  class=\"panel-layout\" ><div id=\"pg-w69d0f98732d55-0\"  class=\"panel-grid panel-no-style\" ><div id=\"pgc-w69d0f98732d55-0-0\"  class=\"panel-grid-cell\" ><div id=\"panel-w69d0f98732d55-0-0-0\" class=\"widget_text so-panel widget widget_custom_html panel-first-child panel-last-child\" data-index=\"0\" ><div class=\"textwidget custom-html-widget\"><div class=\"contenedor\">\n\t<div class=\"linea-vertical\"><\/div>\n<\/div><\/div><\/div><\/div><div id=\"pgc-w69d0f98732d55-0-1\"  class=\"panel-grid-cell\" ><div id=\"panel-w69d0f98732d55-0-1-0\" class=\"widget_text so-panel widget widget_custom_html panel-first-child panel-last-child\" data-index=\"1\" ><div class=\"widget_text guia panel-widget-style panel-widget-style-for-w69d0f98732d55-0-1-0\" ><h3 class=\"widget-title\">Continuar<\/h3><div class=\"textwidget custom-html-widget\"><p>\n\tcon el proceso de b\u00fasqueda de un nuevo orden socio econ\u00f3mico con garant\u00edas para el bienestar de los trabajadores en la v\u00eda de la construcci\u00f3n del socialismo.\n<\/p><\/div><\/div><\/div><\/div><\/div><\/div><\/div><\/div><\/div><\/div><\/div><div id=\"pg-539-2\"  class=\"panel-grid panel-has-style\" ><div class=\"panel-row-style panel-row-style-for-539-2\" ><div id=\"pgc-539-2-0\"  class=\"panel-grid-cell\" ><div id=\"panel-539-2-0-0\" class=\"so-panel widget widget_media_image panel-first-child panel-last-child\" data-index=\"14\" ><div class=\"panel-widget-style panel-widget-style-for-539-2-0-0\" ><img loading=\"lazy\" decoding=\"async\" width=\"780\" height=\"520\" src=\"https:\/\/uneb-colombia.org\/web\/wp-content\/uploads\/2026\/04\/guia-1024x683.jpg\" class=\"image wp-image-540  attachment-large size-large\" alt=\"\" style=\"max-width: 100%; height: auto;\" srcset=\"https:\/\/uneb-colombia.org\/web\/wp-content\/uploads\/2026\/04\/guia-1024x683.jpg 1024w, https:\/\/uneb-colombia.org\/web\/wp-content\/uploads\/2026\/04\/guia-300x200.jpg 300w, https:\/\/uneb-colombia.org\/web\/wp-content\/uploads\/2026\/04\/guia-768x512.jpg 768w, https:\/\/uneb-colombia.org\/web\/wp-content\/uploads\/2026\/04\/guia-1536x1025.jpg 1536w, https:\/\/uneb-colombia.org\/web\/wp-content\/uploads\/2026\/04\/guia-272x182.jpg 272w, https:\/\/uneb-colombia.org\/web\/wp-content\/uploads\/2026\/04\/guia.jpg 1920w\" sizes=\"auto, (max-width: 780px) 100vw, 780px\" \/><\/div><\/div><\/div><\/div><\/div><\/div>","protected":false},"excerpt":{"rendered":"<p>UNEB Ver la gu\u00eda ideol\u00f3gica<\/p>\n","protected":false},"author":1,"featured_media":0,"parent":0,"menu_order":0,"comment_status":"closed","ping_status":"closed","template":"","meta":{"footnotes":""},"class_list":["post-539","page","type-page","status-publish","hentry"],"_links":{"self":[{"href":"https:\/\/uneb-colombia.org\/web\/wp-json\/wp\/v2\/pages\/539","targetHints":{"allow":["GET"]}}],"collection":[{"href":"https:\/\/uneb-colombia.org\/web\/wp-json\/wp\/v2\/pages"}],"about":[{"href":"https:\/\/uneb-colombia.org\/web\/wp-json\/wp\/v2\/types\/page"}],"author":[{"embeddable":true,"href":"https:\/\/uneb-colombia.org\/web\/wp-json\/wp\/v2\/users\/1"}],"replies":[{"embeddable":true,"href":"https:\/\/uneb-colombia.org\/web\/wp-json\/wp\/v2\/comments?post=539"}],"version-history":[{"count":10,"href":"https:\/\/uneb-colombia.org\/web\/wp-json\/wp\/v2\/pages\/539\/revisions"}],"predecessor-version":[{"id":553,"href":"https:\/\/uneb-colombia.org\/web\/wp-json\/wp\/v2\/pages\/539\/revisions\/553"}],"wp:attachment":[{"href":"https:\/\/uneb-colombia.org\/web\/wp-json\/wp\/v2\/media?parent=539"}],"curies":[{"name":"wp","href":"https:\/\/api.w.org\/{rel}","templated":true}]}}